late d(17).
2
Let w(k) = k**3 - 61*k**2 + 3*k - 180. Calculate w(61).
3
Let y(u) = -3*u**2 + 33*u - 92. Give y(5).
-2
Let g(a) = 7*a - 40. Determine g(-2).
-54
Let c(y) = y**3 + 3*y**2 + 5*y + 27. Calculate c(-7).
-204
Let x(b) = -211*b - 1662. What is x(-8)?
26
Let q(w) = -w**2 + 322*w - 19035. Determine q(244).
-3
Let l(t) = -t**3 + 2*t**2 + 11*t + 24. What is l(-2)?
18
Let x(k) = 2*k**2 - 216*k + 4679. Determine x(30).
-1
Let f(j) = 3*j**2 + 56*j - 50. What is f(-20)?
30
Let j(g) = 3*g**2 + 5*g - 8. Determine j(0).
-8
Let l(r) = 43*r - 238. What is l(6)?
20
Let h(u) = u**3 - 28*u**2 - 23*u + 184. Give h(29).
358
Let n(y) = -y**3 - 248*y**2 - 251*y - 978. Calculate n(-247).
10
Let b(w) = -26*w + 23. Determine b(9).
-211
Let p(j) = -999*j - 976. Give p(-1).
23
Let a(w) = 120*w + 4318. Determine a(-36).
-2
Let d(t) = 52*t + 53. Give d(-1).
1
Let v(r) = -r**2 + 11*r + 144. What is v(18)?
18
Let p(l) = -l**2 - 36*l + 382. Determine p(-45).
-23
Let o(u) = 31*u**3 + u**2 - 11*u - 24. Calculate o(-2).
-246
Let n(s) = -4*s**3 + s - 7. Determine n(0).
-7
Let j(d) = -2*d**2 - 161*d + 1018. Determine j(6).
-20
Let l(p) = -43*p**2 + 143*p + 100. Give l(4).
-16
Let x(k) = 2*k**3 - 420*k**2 + 3618*k + 1. Calculate x(201).
1
Let z(m) = -m**3 + 12*m**2 + 118*m - 1363. Determine z(13).
2
Let n(p) = 141*p - 2123. Calculate n(15).
-8
Let n(w) = -62315*w + 311576. Determine n(5).
1
Let d(l) = 2*l**3 - 38*l**2 - 2*l - 95. What is d(19)?
-133
Let t(h) = -3012*h - 9013. Determine t(-3).
23
Let w(g) = -26*g**2 - 114*g - 19. What is w(-3)?
89
Let b(z) = 72*z - 3. What is b(-6)?
-435
Let a(c) = c**3 + 3*c**2 + 10. Calculate a(6).
334
Let j(i) = -3*i**3 - 9*i**2 - 38*i - 105. What is j(-6)?
447
Let r(j) = j**3 - 35*j**2 + 92*j + 124. Determine r(32).
-4
Let v(s) = -4*s**2 - 278*s + 159. Calculate v(-70).
19
Let l(m) = -m**2 - 9*m + 278. Calculate l(-21).
26
Let m(v) = v**3 - v**2 + 24*v + 40. What is m(0)?
40
Let s(c) = 2*c**2 - 403*c + 10004. Determine s(29).
-1
Let k(t) = -18*t**2 + 135*t + 60. What is k(8)?
-12
Let y(i) = -i**2 - 6*i + 519. Give y(20).
-1
Let p(q) = 3831*q - 22981. Determine p(6).
5
Let r(u) = 13*u - 544. What is r(39)?
-37
Let w(u) = 9*u - 3. Give w(9).
78
Let p(o) = 14*o + 34. Calculate p(-13).
-148
Let n(h) = 5*h**2 + 120*h + 615. What is n(-17)?
20
Let u(d) = -61*d**2 - 25*d + 15. Calculate u(2).
-279
Let r(w) = 1167*w - 7934. What is r(7)?
235
Let n(c) = -c**2 + 35*c + 291. Determine n(43).
-53
Let f(u) = 2*u**2 + 763*u + 17827. What is f(-25)?
2
Let a(x) = x**3 + 96*x**2 + 1463*x - 12. What is a(-19)?
-12
Let x(r) = -10*r**2 + 10*r - 18. Determine x(2).
-38
Let z(s) = s**2 - 8*s - 23. Determine z(-8).
105
Let k(o) = o**2 + 2*o - 138. What is k(-7)?
-103
Let q(l) = 2*l**2 + 212*l - 882. Calculate q(-110).
-2
Let s(q) = 2*q**3 + 21*q**2 + 19*q + 17. Calculate s(-8).
185
Let f(v) = -64*v + 21. Give f(-1).
85
Let p(a) = a**2 + 20*a + 3. Determine p(-10).
-97
Let m(s) = 19*s + 349. Calculate m(-22).
-69
Let a(i) = -212*i**2 + 4876*i - 6. Calculate a(23).
-6
Let p(z) = 8*z**3 - 14*z**2 - 622*z + 5. What is p(-8)?
-11
Let v(z) = 11*z**2 + 136*z - 66. Calculate v(-13).
25
Let r(h) = 836*h - 3278. Give r(4).
66
Let l(z) = -368*z + 766. Give l(4).
-706
Let q(n) = -n**2 + 28*n + 77. Determine q(-10).
-303
Let y(f) = -54*f + 561. Calculate y(10).
21
Let y(c) = c**2 - 933*c + 7394. What is y(8)?
-6
Let f(r) = 6*r - 26. Determine f(5).
4
Let a(i) = -i**3 - 25*i**2 + 196*i + 415. What is a(-31)?
105
Let w(a) = a**2 - 5*a - 25. Give w(-2).
-11
Let t(h) = -h**3 - 23*h**2 - 50*h + 209. What is t(-20)?
9
Let h(r) = -r**2 + 42*r - 335. What is h(0)?
-335
Let y(w) = -11*w**3 - 847*w**2 + 3*w + 261. Give y(-77).
30
Let d(q) = -263*q - 4477. What is d(-17)?
-6
Let p(j) = 10*j**2 + 52*j - 131. Give p(-7).
-5
Let u(q) = 9*q**2 + 7*q + 28. What is u(-4)?
144
Let r(n) = -14*n**3 + 2*n**2 + 9*n + 5. What is r(-3)?
374
Let v(s) = -s**2 + 55*s - 358. Calculate v(7).
-22
Let k(s) = -3*s**3 - 35*s**2 + 14. Give k(-10).
-486
Let l(z) = -226*z + 676. Give l(3).
-2
Let h(y) = 15*y**2 + 438*y + 863. Calculate h(-27).
-28
Let r(c) = -c**2 + 255*c - 2466. What is r(10)?
-16
Let a(m) = 335*m**2 - 19097*m + 113. Give a(57).
-1
Let y(z) = -5*z**2 + 102*z - 531. What is y(11)?
-14
Let g(r) = 2*r**2 + 128*r + 861. Determine g(-56).
-35
Let n(z) = 3*z**2 - 103*z + 112. Calculate n(35).
182
Let x(t) = -t**3 - 98*t**2 - 199*t - 680. Give x(-96).
-8
Let f(n) = -7*n**2 - 52*n - 52. Calculate f(-6).
8
Let t(w) = w**3 - 256*w**2 - 21*w + 2. Determine t(0).
2
Let i(m) = 40*m + 437. Calculate i(-13).
-83
Let l(s) = 10269*s + 6. What is l(0)?
6
Let o(g) = g**3 - 576*g**2 - 2909*g + 2. Calculate o(-5).
22
Let r(m) = -26*m - 616. Give r(-13).
-278
Let l(v) = -29*v + 279. Give l(8).
47
Let l(j) = -2*j**3 + 8*j**2 - 29. What is l(4)?
-29
Let a(o) = 326*o - 505. Give a(1).
-179
Let g(v) = 809*v - 14556. Calculate g(18).
6
Let b(g) = 91*g - 584. Calculate b(7).
53
Let c(y) = 3*y**3 + 42*y**2 + 32*y - 8. Calculate c(-11).
729
Let g(t) = -15*t**2 + 230*t + 5. Calculate g(15).
80
Let c(y) = y**3 + 14*y**2 + 44*y - 63. Determine c(-7).
-28
Let v(d) = 2*d**2 + 63*d + 476. Calculate v(-20).
16
Let m(y) = -77*y - 437. What is m(-5)?
-52
Let o(j) = j**2 + 66*j + 353. What is o(-63)?
164
Let m(l) = 16*l + 62. Calculate m(-1).
46
Let j(r) = 21*r - 218. Give j(10).
-8
Let a(m) = m**3 - 12*m**2 - 9*m + 108. Calculate a(12).
0
Let v(o) = -8*o - 58. What is v(3)?
-82
Let o(j) = 3*j**3 - 16*j**2 + 544*j - 2694. What is o(5)?
1
Let s(h) = -5*h**3 - 38*h**2 + 82*h + 166. Calculate s(-9).
-5
Let m(a) = -158*a - 2857. Calculate m(-18).
-13
Let p(r) = -r**3 + 5*r**2 - 7*r - 33. Give p(8).
-281
Let o(k) = -2*k**2 + 24*k + 278. Determine o(18).
62
Let p(a) = -341*a + 9571. Determine p(28).
23
Let s(x) = 2*x**2 + 39*x + 141. Calculate s(-5).
-4
Let z(c) = -13*c**3 - 219*c**2 + 30*c - 62. Determine z(-17).
6
Let d(u) = -u**3 + 21*u**2 - 53*u + 284. Give d(19).
-1
Let y(h) = 4*h - 106. Give y(14).
-50
Let o(j) = j**2 - 9972*j + 109577. Give o(11).
6
Let p(x) = -154*x + 12012. What is p(78)?
0
Let q(s) = -2*s**2 - 319*s + 4843. Calculate q(14).
-15
Let l(p) = -p**2 + 116*p - 2586. Calculate l(86).
-6
Let j(n) = -3*n**3 - 319*n**2 - 103*n + 322. Give j(-106).
4
Let y(m) = -519*m + 3686. Calculate y(6).
572
Let a(n) = -n**2 - 15940*n + 31880. Determine a(2).
-4
Let w(h) = -8*h**3 + 54*h**2 + 13*h - 4. Give w(7).
-11
Let w(a) = 26*a - 202. Give w(9).
32
Let u(a) = -3*a - 65. Determine u(-25).
10
Let r(k) = k**3 + 4*k**2 + 362*k + 1453. Give r(-4).
5
Let x(c) = -7*c**2 + 170*c - 65. Determine x(23).
142
Let w(b) = -b**2 + 141*b - 3049. Determine w(114).
29
Let t(s) = s**2 - 987*s + 1977. Give t(2).
7
Let h(m) = -2919*m - 5846. What is h(-2)?
-8
Let t(q) = -q**2 + 10*q - 49. Calculate t(6).
-25
Let c(u) = 3*u**3 - 64*u**2 - 43*u - 12. Give c(22).
10
Let d(t) = -14*t**3 + t**2 + 16*t - 18. Calculate d(1).
-15
Let s(a) = -11326*a - 90609. Give s(-8).
-1
Let o(f) = -546*f + 3029. Give o(5).
299
Let c(f) = f**3 - 37*f - 1. What is c(-5)?
59
Let z(b) = -b**3 + 26*b**2 - 138*b + 31. What is z(7)?
-4
Let w(s) = -s**3 + 63*s**2 - 69*s + 320. What is w(62)?
-114
Let u(x) = -x**3 - 50*x**2 + 538*x + 330. Give u(-59).
-83
Let k(x) = x**3 - 22*x**2 - 8*x - 275. Calculate k(23).
70
Let q(r) = r**2 + 1279*r - 11584. Determine q(9).
8
Let n(u) = -15*u - 125. What is n(8)?
-245
Let t(x) = x**3 - 24*x**2 + 155*x - 14. What is t(8)?
202
Let q(v) = v**3 + 4*v**2 - 135*v + 667. What is q(5)?
217
Let m(o) = 447*o - 4170. What is m(9)?
-147
Let n(k) = k**2 - 28*k - 2287. Calculate n(64).
17
Let n(d) = d**2 + 267*d + 1056. Give n(-4).
4
Let o(b) = -3*b**3 + 69*b**2 + 73*b - 24. Calculate o(24).
0
Let l(a) = -a**3 - a**2 + 210*a + 19. Calculate l(14).
19
Let z(o) = 6*o**3 - 8*o**2 - 16*o - 23. What is z(-2)?
-71
Let a(d) = 2530*d - 111319. Determine a(44).
1
Let j(q) = -q**2 + 21*q + 152. Determine j(-6).
-10
Let o(p) = p**3 + 12*p**2 + 33*p - 10. Give o(-4).
-14
Let y(u) = -19*u**3 - 15*u**2 + 14*u. Give y(1).
-20
Let q(y) = 20*y + 159. Calculate q(-9).
-21
Let k(r) = -2*r**3 + 24*r**2 - 26*r + 2. What is k(12)?
-310
Let y(p) = -36*p - 4757. What is y(-132)?
-5
Let o(u) = -2*u**2 - 96*u + 3664. Give o(25).
14
Let k(t) = 284*t + 57937. Give k(-204).